1/(-2))/(10/(-340)). Let h = 32 - q. Let t = 52 - h. What is the tens digit of t?
3
What is the units digit of -1 + ((-9195)/(-30))/((-2)/(-4))?
2
Suppose -5*j + 3*a = -8*j + 969, a = -4*j + 1283. What is the tens digit of j?
2
Suppose 0 = -4*n - q + 7 + 2, -3*n + 24 = -5*q. Let x be 2/n - (-18)/(-27). Suppose -c + 4 = 0, 3*u - 4*c - c - 112 = x. What is the tens digit of u?
4
Suppose -u + c + 7 = 0, -3*c - 20 = 2*c. Suppose u*z - 404 = z + 5*s, z - 2*s = 202. What is the units digit of z?
2
Let h(x) = -2*x**2. Let j be h(-1). Let f(i) = i**3 + 3*i**2 + 2*i + 2. What is the units digit of f(j)?
2
Let s(a) = -a**2 - 17*a + 15. Suppose -5*f - 4*t - 82 = 0, -4*f + 3 = 4*t + 71. What is the tens digit of s(f)?
5
Suppose -3*y + 0*g + 36 = -3*g, -3*y + 36 = 2*g. Let v(q) = q**2 - 6*q + 5. What is the tens digit of v(y)?
7
Suppose -54*s + 893 = -53*s. What is the tens digit of s?
9
Suppose 0 = -j + 3*k + 972, k + 2872 = 3*j + 3*k. What is the hundreds digit of j?
9
Suppose 87 + 44 = 2*y - 5*i, 5*y - i - 316 = 0. Suppose 3*s + y = -0*s. Let j = s + 22. What is the units digit of j?
1
Let k(o) = -4 + o**2 + 10 + 15*o**3 - o - 8. Let y be k(-2). What is the units digit of -2*(y/8)/1?
9
Let h = -30 + 26. What is the hundreds digit of 11/h - -2 - 4280/(-32)?
1
Let j be (-6)/(-3) + -1 - -210. Let o = j + -105. Suppose -v + o = v. What is the units digit of v?
3
Suppose -4*a - 8 - 8 = 0. What is the units digit of (5 - (a - -4)) + -1?
4
Let t(m) = -m**3 - 1 - 2*m - 5 - 8*m**2 + 2. Let u be t(-8). Let h(g) = g**2 - 10*g - 14. What is the tens digit of h(u)?
1
Let f be 69/(-21) - 12/(-42). Let g be f - 1 - -88*1. Suppose 2*l + 2*v - g = 0, 2*v + 85 + 65 = 4*l. What is the units digit of l?
9
Let j(u) = 3*u**2 + 22*u + 21. Let n be j(9). What is the tens digit of n/(-35)*(-80)/6?
7
Let o(u) = -2*u - 3. Let p = 7 - 9. What is the units digit of o(p)?
1
Let q(v) = -35*v + 5. Let s be q(-7). Suppose 3*c = 4*u + 675, 41 = -c - 4*u + s. What is the tens digit of c?
2
Let h(v) = 21*v - 276. What is the tens digit of h(14)?
1
Let q(h) = 3*h**3 + 3*h**2 - h + 1. Let p be q(2). Suppose 2*i - p = l, 0*l + 2*l = -4*i + 66. What is the tens digit of i?
1
Let o = 11 - 15. Let v be ((0/4)/o)/(-1). Suppose -9 = -v*d - d. What is the units digit of d?
9
Let y(g) = 973*g + 155. What is the hundreds digit of y(1)?
1
Let t(f) = -3*f - 6. Suppose 0 = -3*v - 5 - 10. Let g be t(v). Suppose 3*s - g = -3. What is the units digit of s?
2
Let w be (-55)/20*-2*28. Let t = w + -85. What is the tens digit of t?
6
Suppose 2*y + 10 = 4*v - 2*v, -5*y - 61 = 4*v. Let w be (3/y)/(4/(-24)). Suppose w*b + 2*a - 136 = 28, -5*b = -5*a - 370. What is the tens digit of b?
7
Let o(x) = -x + 1. Let s(i) = -i**2 + 8*i - 9. Let v = -1 + 3. Let r(h) = v*o(h) - s(h). What is the units digit of r(10)?
1
Let f be -5*(-3)/9*3. Suppose 4*o - 16 = 0, f*o - 251 + 76 = -5*x. What is the units digit of x?
1
Let z be (-33)/(-6) + (0 - 2/4). Suppose -z*l - 3*r - r + 884 = 0, 4*r = -16. What is the tens digit of l?
8
Let k = 6206 + -4401. What is the tens digit of k?
0
Suppose -n = -f, 5*f + 0*f = -5*n + 20. Let a = f + 4. Let l(t) = t**2 - 3*t + 9. What is the units digit of l(a)?
7
Let y be 5/(-10) - 54/(-4). Suppose d = y + 1. What is the tens digit of d?
1
Let x(n) = n + 13. Let l be x(-9). Suppose -3 = -l*c + 13. What is the units digit of c?
4
Suppose -3*z = 3, -5*r - 9*z + 2804 = -3*z. What is the hundreds digit of r?
5
Let x = -12 + 16. Suppose 3*u - 5*k = -41, 0 = -2*u + x*k - 24 - 0. Let p = -13 - u. What is the units digit of p?
9
Let k(l) = 0*l**2 - 45 + 0*l - l**3 - 4*l**2 - 4*l + 58. What is the hundreds digit of k(-6)?
1
Suppose 11*g - 4273 - 10621 = 0. What is the thousands digit of g?
1
Let v = -82 + 85. What is the units digit of ((-236)/(-3) - v/(-9)) + 0?
9
Let z(x) = x - 10. Let c be z(14). Suppose 2*i - 768 = -c*i. Suppose 3*l - i = -l. What is the tens digit of l?
3
Let u(g) = g**3 + 15*g**2 - 18*g + 11. Let s(r) = r**2 - 7*r - 10. Let l be s(6). What is the units digit of u(l)?
3
Let k(x) = -47*x - 105. What is the hundreds digit of k(-15)?
6
Let f(o) = o**3 + 5*o**2 + 3*o + 1. Let j be f(-4). Suppose -123 = -j*n + 17. What is the tens digit of n?
2
Let j(c) = 5*c**2 + 18*c + 17. Let y(s) = -9*s**2 - 35*s - 34. Let h(r) = -5*j(r) - 3*y(r). What is the hundreds digit of h(-12)?
1
Suppose 4*b + g - 1293 = -2*g, g = -2*b + 645. Suppose 2*j - b = -j. What is the units digit of j?
7
Let i = -39 + -8. Let h = -26 - i. What is the tens digit of h?
2
Suppose -2*t + 121 = 5. What is the tens digit of t?
5
Suppose 794 = 3*m - 4*r, -m - r + 86 = -188. What is the tens digit of m?
7
Let b(a) = -22*a - 50. What is the units digit of b(-8)?
6
Suppose -7*g = 11*g - 96930. What is the tens digit of 4 - (-155)/(-35) - g/(-21)?
5
Let m(u) be the second derivative of 16*u**3/3 + 5*u**2 - 3*u. What is the units digit of m(7)?
4
Let l(s) = 288*s - 1299. What is the hundreds digit of l(6)?
4
Suppose 5*z - 5 = 0, -2*j = -j + z - 4. Suppose 0 = 3*g - 6*s + j*s - 72, 3*s + 52 = 2*g. What is the tens digit of g?
2
Let c(z) = -3*z + 2. Let g be c(-6). Let n = g - 20. Suppose n = 2*q - 2, 3*t - 3*q = -t + 181. What is the tens digit of t?
4
Let m = 1696 - 1187. What is the units digit of m?
9
Let u(v) = -568*v. What is the units digit of u(-1)?
8
Suppose 13 = -4*b - x, 3*x - 6 = 3*b - 15. Let w = b - -3. Let a = w - 0. What is the units digit of a?
1
Suppose -2*d - y + 1329 = 0, -d = 3*y - 2*y - 667. What is the hundreds digit of d?
6
Suppose 3*n - 2*n - s - 383 = 0, n - 3*s - 373 = 0. What is the hundreds digit of n?
3
Let u be (6/8)/(20/(-80)). Let q(a) = -5*a**3 - 2*a**2 + a + 3. Let i be q(u). Suppose 4*o - 5*s = 109 + 92, 3*s - i = -2*o. What is the tens digit of o?
5
Let r be -3 + 2 + -3 - -3. Let z be r + 4 - (1 - 0). Suppose 0 = 2*v + 2*b - b - 1, z*v + 3*b = -9. What is the units digit of v?
3
Suppose 2*i = -3*m + 4617, 5*i + 2578 = -4*m + 14117. What is the units digit of i?
7
Suppose -4 = 27*v - 23*v. What is the units digit of 10/(4/(-8)*v)?
0
Let g = 872 + -158. What is the tens digit of g?
1
Let r = -46 + 21. Let f = -31 - r. What is the tens digit of 36/8*(-56)/f?
4
Suppose -17 = 3*u + 5*k - 77, 5*u - 100 = 5*k. Let b = u + 11. What is the units digit of b?
1
Let j be 6/(-3 - (0 + -5)). Let r be j/15*-2*-10. Suppose 8*b = r*b + 32. What is the units digit of b?
8
Let i(c) = c**3 + c**2 + c + 24. Let r be i(8). Let n = r - 393. What is the tens digit of n?
1
Let w be -33*110/(-35) + (-4)/(-14). Let p = w + -4. What is the tens digit of p?
0
Suppose 5*p - 24 = -p. Suppose -p*z - 2*q - 26 = -144, 0 = 5*z - 4*q - 115. What is the units digit of z?
7
Suppose -16*v = 21*v - 31191. What is the tens digit of v?
4
Let n(b) = -22*b + 21. Let c(p) = -22*p + 22. Let x(t) = -6*c(t) + 5*n(t). What is the tens digit of x(10)?
9
Let h = 328 - -1228. What is the thousands digit of h?
1
Let w(k) = k**2 - 6*k + 23. Let d = 41 - 34. What is the units digit of w(d)?
0
Suppose -2*v + 538 = d - 149, -3*v - 1402 = -2*d. What is the tens digit of d?
9
Let y = 12 + -4. Suppose -4*d + y = 4. What is the units digit of 5/1 + (d - 0)?
6
Let u = -25 + 26. What is the units digit of (u - 0/5)*19?
9
Suppose -4*q = -4*f + 416, 0 = q - 5*f + 2*f + 96. Let d = q + 199. What is the tens digit of d?
9
Suppose -5*f = -15, -9*p + 8632 = -4*p + 4*f. What is the thousands digit of p?
1
Suppose 0 = -3*k - 11*z + 16*z + 652, k = 2*z + 218. What is the tens digit of k?
1
Let y(k) = 2*k**2 + 4*k - 1. Let w be y(-3). Suppose q = -0*g + g - 65, -4*g + q = -257. Suppose 3*a - g = w. What is the units digit of a?
3
What is the hundreds digit of (1 + 0)*((-12)/6 - -133)?
1
Suppose 4*g = 3*c + 2291 + 1709, -3*g = c - 3013. What is the thousands digit of g?
1
Suppose 2282 = 2*r - 2*q, -4*r + 3*q = -0*q - 4560. What is the thousands digit of r?
1
What is the hundreds digit of 13/(39/2316) + 4/2?
7
Let p be ((-8)/10)/(4/(-240)). What is the tens digit of p - 4 - (-3)/1?
4
Suppose 2*s = 17 - 13. Suppose -5*c + s*o + 0*o + 159 = 0, -c - 2*o + 39 = 0. What is the units digit of c?
3
Suppose 14*h - 17*h = -36. What is the units digit of h*((-1)/(-2))/1?
6
Let r(s) = s**3 + 12*s**2 + 19*s - 10. Let w be r(-10). Suppose w = -11*q - 48 + 356. What is the units